30
Suppose 10*j - 76 - 34 = 0. Let c be 0/(-2) - (-862)/2. Suppose 0 = -s - 4*s - 3*v + c, -2*v = -2*s + 182. What is the highest common divisor of j and s?
11
Let z = 324 + -159. What is the highest common factor of z and 66?
33
Let d = -34 + 39. Suppose -4*u = -g + d*g - 116, u = 4*g - 116. What is the greatest common factor of 87 and g?
29
Suppose -61*x = -64*x + 486. Suppose 50 + 97 = 4*d + b, -2*d + 69 = 5*b. Let y = d + -19. Calculate the highest common divisor of y and x.
18
Suppose -2*j + 14 = -10. Suppose -4*v = -13*v - 999. Let r be v/(-4) + 3/j. Calculate the highest common divisor of r and 224.
28
Let y = -700 + 1679. Calculate the highest common factor of y and 22.
11
Let o = 833 + -818. Calculate the greatest common divisor of o and 5.
5
Let k be (-326)/(-22) - (-4)/22. Let u = k - -2. Calculate the highest common divisor of u and 68.
17
Suppose 12 = v + 3*v. Suppose -4 + 7 = -v*a. Let h be a*(-2 - 1) - 0. Calculate the highest common factor of 15 and h.
3
Let v(n) = -2*n - n + 2*n. Let t be v(-5). Let q be 12/20 + 157/t. Calculate the highest common factor of 4 and q.
4
Let p = -465 + 626. Calculate the greatest common factor of p and 46.
23
Let l = 132 + -115. What is the highest common factor of 51 and l?
17
Let t = -167 - -195. Calculate the highest common factor of t and 28.
28
Suppose -5*z + 7 = -3. Let s be ((-63)/(-27))/(z/6). What is the highest common factor of 7 and s?
7
Suppose 0*j = 4*n - 5*j - 169, 4*n = -2*j + 134. Let b be 8/n - (-460)/36. What is the greatest common divisor of 143 and b?
13
Let w = 707 + -638. What is the highest common factor of w and 69?
69
Suppose 2*d - u - 45 = 0, -5*d + 11 + 64 = 5*u. Let j be (-2)/(-7) + 7690/35. Calculate the greatest common factor of d and j.
20
Let c(n) = -2*n - 2*n + 130 - 126 + 2*n. Let l be c(-13). Calculate the greatest common divisor of 6 and l.
6
Suppose -17 = -5*o - 2. Let g be ((-16)/o)/((-5)/45). Suppose -5*h + h + g = 0. What is the highest common divisor of 24 and h?
12
Let v(m) = -m**2 - 17*m + 137. Let x be v(-18). Calculate the highest common divisor of x and 85.
17
Let p(u) = -127*u + 9. Let c be p(0). Let q = -24 + 60. What is the highest common factor of q and c?
9
Suppose 3*x - 5*p = -x + 912, -3*p = -12. Let q = -163 + x. Let f be 15*(-3)/((-9)/2). Calculate the highest common factor of q and f.
10
Let a be 3 + -2 - (3 - 5). Suppose -5*j = -a*t - 198, -4*j = -5*t - 157 + 9. Let p be 28/j + 403/3. Calculate the greatest common divisor of p and 15.
15
Suppose s + 5*a - 14 = 0, -2*s + 0*a - 5*a + 18 = 0. Suppose 0 - 10 = -2*f. What is the highest common divisor of f and s?
1
Suppose 5*p = 8*p + 4*j - 102, 0 = j. Suppose 6*n - p = 5*n. Calculate the greatest common factor of n and 17.
17
Let o = -528 + 1527. Calculate the highest common divisor of 27 and o.
27
Suppose 456 = 5*q + 166. Let a be q/4 + (-7)/(-14). Calculate the highest common factor of 5 and a.
5
Let k = 6 - 2. Suppose 0 = 13*p - 16*p + 6. Suppose h = -p*h + 6. What is the greatest common factor of h and k?
2
Let b be 4/6 + 368/24. Suppose b*t - 300 = 11*t. What is the highest common divisor of 12 and t?
12
Suppose -d + 2*d = 5*v + 17, 5*v = 4*d - 23. Let u(k) = 63*k - 60. Let c be u(1). What is the highest common divisor of d and c?
1
Let i be (-132)/(-54) - 4/9. Suppose -13*g + i*g + 231 = 0. What is the greatest common factor of 231 and g?
21
Let v be ((-1)/(-2))/((-15)/(-570)). Calculate the highest common factor of v and 475.
19
Suppose -5*i + 65 = -2*h + 7*h, 0 = -4*i - 16. Let n = 33 - h. Suppose s - 4 = -2*m, -2 + 3 = m. Calculate the highest common divisor of s and n.
2
Let x be 2/((-108)/(-30) - 4) + 13. Calculate the greatest common factor of 624 and x.
8
Let z(i) = -17*i - 179. Let w be z(-12). Calculate the highest common factor of w and 25.
25
Let l(n) be the third derivative of 0*n + 3/2*n**3 + 2*n**2 - 1/60*n**5 - 5/12*n**4 + 0. Let c be l(-10). Calculate the highest common factor of 27 and c.
9
Let c(m) = m**3 + 22*m**2 + 96*m - 24. Let v be c(-13). Calculate the greatest common divisor of v and 3.
3
Let n = 18 - 13. Let a be 3/(-6)*0 + 50. Suppose -2*t = -2*h + a, -2*t = h + 3*t - 25. What is the greatest common factor of n and h?
5
Let m be (0 + 15 - 4/4)*1. Let x be 16/(-20)*((-50)/(-4))/(-5). What is the greatest common divisor of m and x?
2
Let x(g) be the second derivative of 5*g**4/6 + g**3/2 - g**2 + 2*g. Let o be x(1). Calculate the highest common factor of 11 and o.
11
Let k = -37 - -85. Let p be 2 - (2 + 1) - -1. Suppose w = -p*w + 6. Calculate the greatest common factor of w and k.
6
Suppose -k + 77 = 2*k + h, -3*k = -4*h - 52. Calculate the highest common factor of k and 30.
6
Let a(n) = -2*n**3 - 6*n**2 - 12*n. Let b be a(-5). Calculate the highest common divisor of b and 15.
5
Let v be (6 - -14)*2/(-5). Let r = v + 20. What is the highest common factor of 3 and r?
3
Let k be 27 + -8 - (1 - -3). Suppose 5*a = -x - 0*x + 101, 83 = 4*a + 3*x. Calculate the highest common factor of k and a.
5
Let m(z) = 23*z**2 + 5*z + 4. Let n be m(-4). Let b = -7413 + 7445. What is the highest common factor of b and n?
32
Suppose 2*b - p - 530 - 317 = 0, -3*b + 1268 = -4*p. What is the highest common divisor of b and 318?
106
Let m(q) = 5 + q**2 + 2*q + 0 - 8. Let o be m(7). Let i be ((-216)/(-10))/(9/o). What is the highest common factor of i and 16?
16
Let d(u) = 4*u - 7. Let n be d(7). Suppose n*r = 25*r - 300. Calculate the highest common divisor of r and 15.
15
Suppose -3*h + h = -124. Let i = h - 44. Suppose -k - 24 = -b, -3*k = -b + 12 + i. Calculate the greatest common factor of b and 3.
3
Let u be 31 + -11 - (12 + -1). Calculate the highest common factor of 9 and u.
9
Let z(j) = -4*j**2 + 70*j - 24. Let k be z(16). What is the highest common factor of 81 and k?
9
Suppose -15*b + 21665 + 1450 = 0. What is the highest common factor of 23 and b?
23
Suppose -1597 = -14*m - 1009. What is the highest common divisor of 525 and m?
21
Let x(h) = -h**3 - 15*h**2 - 2*h - 28. Let o be x(-15). What is the highest common factor of 58 and o?
2
Let p = -150 - -255. Suppose -5*q + 5*j + 95 = 0, q - j = -4*j + 3. What is the greatest common divisor of q and p?
15
Suppose 4*h - 4*j - 243 = -j, -5*h + 305 = -5*j. Suppose 7*i = 162 - 22. Calculate the highest common factor of h and i.
20
Suppose 0 = -5*c + 2*c + 42. Suppose -11*l = -2*a - 10*l + 4, -4*a - 4*l = -8. What is the highest common divisor of c and a?
2
Let o be 805/56 - (-15)/(-40). What is the highest common factor of 224 and o?
14
Suppose 5*w = m - 17, -2*w - 26 = -3*m + m. Calculate the highest common factor of 20 and m.
4
Suppose -3*q - 2*h + 459 = 6, 4*h = -2*q + 294. Suppose 4*o - q - 71 = 0. Let j = 4251 + -4223. Calculate the greatest common divisor of o and j.
28
Let a(x) = 66*x. Let s(g) = g**2 - 5*g - 3. Let v be s(6). Let d be a(v). Suppose -d = c - 2*c. Calculate the highest common divisor of c and 22.
22
Let q(d) = 2*d**3 + 9*d**2 + 5*d + 13. Let b be q(-4). What is the greatest common factor of 12 and b?
3
Suppose 0 = 64*f - 60*f - 768. What is the greatest common divisor of 72 and f?
24
Suppose -33*a = -4004 + 308. Calculate the highest common divisor of a and 3024.
112
Let g be (-2)/1 - 1 - -6. Suppose w + 3*w = 0. Suppose o - g = -w. What is the greatest common factor of 21 and o?
3
Suppose 16*g - 84 = 10*g. What is the highest common factor of g and 18?
2
Let j = 1094 + -1077. Calculate the highest common factor of j and 34.
17
Let n(r) = 4*r - 4. Let g be n(3). Let u(f) = -4*f + 200. Let l be u(36). What is the highest common factor of g and l?
8
Let n be ((-3)/2)/(1/(-36)). Let p = -528 - -555. What is the highest common divisor of n and p?
27
Suppose 0 = 3*n - 122 - 19. Let t = n + -41. What is the highest common factor of t and 9?
3
Suppose 25*u = 75 - 25. Suppose d - 3*a = -2*d + 45, 0 = -3*a. Suppose 29 + d = 2*r. What is the greatest common factor of u and r?
2
Suppose 0 = 6*r - 400 - 608. Suppose -4*s = a - 27 + 4, -4*a = -3*s - r. What is the greatest common divisor of 117 and a?
39
Suppose -5*f - 3 = 87. Let j be (f/(-21))/((-6)/(-42)). Calculate the highest common factor of 96 and j.
6
Let s be 844/(-633)*(-147)/2. Let x = 0 + 14. Calculate the greatest common divisor of s and x.
14
Suppose 2*h +